92 = n. Let y = m - 19. What is the tens digit of y?
1
Let n(h) = -h**3 - 7*h**2 - 7*h + 16. Let t(m) = m**2 + 18*m + 40. Let x be t(-15). What is the units digit of n(x)?
1
Let q(n) = n**2 - 5*n - 36. Suppose 5*u - 45 = 30. What is the tens digit of q(u)?
1
Let d(o) be the first derivative of 2*o**3/3 + o**2 - o - 4. Let v be d(-2). Let x(b) = 7*b - 1. What is the tens digit of x(v)?
2
Suppose 2*m - 1681 = -t + 874, 0 = 4*m + t - 5115. What is the tens digit of m?
8
Suppose -5*z = -4*z + 12. What is the units digit of (-66)/z - (-2)/4?
6
Suppose 3*s = 2*t - 5*t + 495, -t + 813 = 5*s. What is the hundreds digit of s?
1
Let m = 590 - 214. What is the hundreds digit of m?
3
Let x(n) = n**2 + 10. Let y(f) = f + 1. Let p(t) = x(t) - 6*y(t). Let r(o) be the first derivative of p(o). What is the tens digit of r(8)?
1
Suppose 11*g = 7*g - p + 266, 3*g = -2*p + 202. What is the units digit of g?
6
Suppose -3*p + 9345 = 2*p + 5*o, 3752 = 2*p - 5*o. What is the tens digit of p?
7
Let x be 4 + 12/(-4) + 7. Suppose -x = -z + 3*b, 3*b - b - 28 = -z. What is the units digit of z?
0
Let u be 236/32 - (2 + 39/(-24)). What is the units digit of ((-12)/(-14))/((-5)/(-1008 - u))?
4
Suppose m + 0*j - 5*j = -11, -3*j + 1 = -2*m. Let z(u) = -u**2 - 3 - 4*u + m*u**2 + 4*u**2 + 0*u**2. What is the units digit of z(-2)?
3
Let v(k) = -k**3 + 20*k**2 - 17*k - 37. Let a be v(19). What is the tens digit of (-48 + a + 2)*-2?
9
Suppose -2*t + z = -57 - 29, -5*z = -5*t + 210. What is the tens digit of 3 + t + -1 + 2?
4
Let y = 1968 - 531. What is the hundreds digit of y?
4
Let k be -9 - -5 - 0/1. Let v = -14 - -20. What is the units digit of (2/v)/(k/(-168))?
4
Suppose 9*s - 840 = 2*s. Let j = s + -75. What is the tens digit of j?
4
Suppose -3*f + 28 = -f. Let s = 17 + f. Let j = 66 - s. What is the tens digit of j?
3
Let g(n) = 5*n + 40. Let q be g(-8). Suppose 2*j = -i + 6*j + 136, q = -i - j + 131. What is the units digit of i?
2
Let o be 16/(1 + 0) - 2. What is the units digit of 1880/o + (-4)/14?
4
Let k be 12/48 - (-73)/(-4). Let o be (1*14)/(k/18). Let s = -11 - o. What is the units digit of s?
3
Suppose -294 = -8*z - 6*z. Let d(w) = w**2 - 6*w - 1. Let a be d(4). Let m = z + a. What is the units digit of m?
2
Let b = 21 + 240. What is the hundreds digit of b?
2
Let t(h) = -h**3 - 2*h**2 + 10*h - 11. What is the units digit of t(-8)?
3
Let t(n) = -n + 3. Suppose k - 5 = -3*u, 3*u + 4*k - k = 3. Let p be t(u). What is the tens digit of (-93)/(-9)*3 + p?
3
Suppose -13*t - 4*f - 30 = -14*t, -3*t + 4*f + 98 = 0. What is the tens digit of t?
3
Let j = 19 + 5. What is the units digit of j?
4
Suppose 0 = -5*j - s + 2125, -s - 3*s = 3*j - 1275. Suppose 0 = -5*k + j - 45. Suppose 0 = 6*u - 8*u + k. What is the tens digit of u?
3
Suppose 2*p - 6 = 4*p, 2*q + p - 3 = 0. Let h(r) = -4 + 5*r + 0 + 2. What is the tens digit of h(q)?
1
Suppose 8*f = 4*f + 12. Suppose -24 = -f*l - 5*z, 2*l = -3*z + 18 - 3. Suppose -4*j = -3*x + 65, -3*x + l*j = 2*j - 77. What is the units digit of x?
7
Suppose 13*j - 18 = 10*j. Let u(l) = l**2 - 5*l - 1. Let z be u(j). Suppose -2*k + 31 - z = 0. What is the tens digit of k?
1
Let n(h) be the first derivative of h**4/2 + 25*h**3/3 + 3*h**2 - 21*h - 22. What is the units digit of n(-12)?
1
Let y = -179 + 116. Let m = y - -129. What is the tens digit of m?
6
Suppose z + 2*f - 584 = -z, 0 = 2*z - 4*f - 584. What is the hundreds digit of z?
2
Let g be (1 + 0)*(-78)/(-2). Let k = g - -8. Suppose 2*c - k = -19. What is the units digit of c?
4
Let x(t) = 36*t - 2 + 3 + 18*t + 10. What is the tens digit of x(3)?
7
Let f be (-5)/(-5) - (-1 + 0). Let c be (-6)/4 - (-9)/f. Suppose 0 = -3*r - r + c*n + 167, -6 = -2*n. What is the tens digit of r?
4
Let l = 5 + -13. Let r be (1 + (-82)/l)*-8. Let y = r - -142. What is the units digit of y?
2
Let u be -2 + 1 + -15 - 1. Let s = -48 + 53. Let x = s - u. What is the tens digit of x?
2
Suppose 0 = -0*j + 9*j. Suppose 0*u + 6 = 3*u. Suppose 0*b + 2*t + 82 = 2*b, j = -u*b - 4*t + 58. What is the tens digit of b?
3
Suppose 3*k = 4*i - 14444, -k - 115 = -111. What is the hundreds digit of i?
6
Let l = 1174 + -608. What is the tens digit of l?
6
Suppose 2*d - 2*p = 1764, -3*d + 0*d + 2676 = 3*p. What is the units digit of d?
7
Let q(u) = -u**2 - 16*u + 7. Let g be q(-16). Let p(a) = 0*a + a - 3 - 14*a + 3*a**2. What is the units digit of p(g)?
3
Let y(l) = 6*l**2 + 5*l + 49. Let a be ((-10)/5)/(2/6). What is the units digit of y(a)?
5
Let j(l) be the second derivative of l**3/6 + l**2/2 + 5*l. Let z be j(0). Suppose s - 8 + z = 0. What is the units digit of s?
7
Suppose 3*t - 4*j = 2 + 6, 3*t - 5*j = 4. Let f be (-145)/8 + 5/40. Let s = t - f. What is the tens digit of s?
2
Let x = 2438 - 1441. What is the units digit of x?
7
Let d(i) = 2*i - 19. Let p be d(12). Suppose 0*v + p*v + 5*h = 10, 3*v - h - 10 = 0. Suppose v*j - 73 = -5*g + 220, j - 1 = 0. What is the units digit of g?
8
Let f = -492 - -1915. What is the thousands digit of f?
1
What is the hundreds digit of (-3228)/4*52/(-39)?
0
Let v be (-2)/(-6) - (-134)/3. Let r = -66 + v. Let f = r + 40. What is the tens digit of f?
1
Let u(r) = r**3 - 8*r**2 + 7. Let y = -15 + 31. Suppose -y = -4*q + 4*l, -5*l + 48 = 4*q - l. What is the units digit of u(q)?
7
Let v(s) = 157*s**2 + 2*s + 1. Let r be v(-1). Let w = -496 + 496. Suppose 2*l + l - r = w. What is the tens digit of l?
5
Suppose 0 = -i - 0 + 11. Suppose 3*a = i*a - 584. What is the units digit of a?
3
Let n(u) = 5*u + 2. Let y = 19 - 12. Let r(q) = -16*q - 6. Let h(x) = y*n(x) + 2*r(x). What is the tens digit of h(3)?
1
Let x = 33 + -60. Suppose -4*h = 3 + 5, -4*h = -n + 68. Let a = x + n. What is the tens digit of a?
3
What is the hundreds digit of ((-20)/(-6) - 2)*(-6522)/(-4)?
1
What is the thousands digit of (7/(112/20))/((-2)/(-3176))?
1
What is the units digit of (3627/6)/(4/8) + 2?
1
Let r(m) be the second derivative of m**5/10 - m**4/6 - m**3/3 + m**2/2 + 14*m. Let a be (-1 - 0)/((-1)/3). What is the tens digit of r(a)?
3
Let g(d) = -5*d - 38. Let v be g(-8). Suppose 0 = -5*w + 4*w. Suppose w = s + 5*b - 31, 3*s - v*s - 39 = 3*b. What is the tens digit of s?
3
Let m = 28 + -20. What is the tens digit of 16*m + ((-16)/(-4) - 3)?
2
What is the units digit of 451*2*(-6)/(-12)?
1
Let q = -3232 - -5223. What is the tens digit of q?
9
Suppose 4*l = -o + 5888, 11*o - 7381 = -5*l + 15*o. What is the thousands digit of l?
1
Let j be -1*(6/(-15))/((-3)/300). Let x = 24 - j. What is the tens digit of x?
6
Let z = -8 + 4. Let a be ((-32)/(-10))/((-8)/(-20)). Let f = a + z. What is the units digit of f?
4
Let u(t) = -t**3 + 14*t**2 + 5. Let b(g) = g + 21. Let f be b(-7). Let p be u(f). Suppose 0 = p*n - n - 68. What is the units digit of n?
7
Let s = 13 - 20. Let w = s + 7. Suppose -2*g = -w*g + 3*z - 52, 10 = 5*z. What is the tens digit of g?
2
Suppose a - 320 = 5*n, -a + 4*a = -3*n + 906. What is the hundreds digit of a?
3
Let k be 328/(-15) - (-6)/(-45). Let w = k - -26. What is the units digit of (6/(-9))/(w/(-30))?
5
Suppose -5*f - 23 = k + 2, 3*f - 13 = 5*k. Let u(m) = -25*m + 7. What is the units digit of u(k)?
2
Let u(n) = n**3 - 4*n**2 - 6*n - 4. Suppose -18 - 12 = -6*p. Let o be u(p). What is the units digit of (-6)/o*45 - -1?
1
Let k(a) be the third derivative of a**6/120 + a**5/60 + a**3/6 - 29*a**2. What is the tens digit of k(3)?
3
Suppose -4*b = k + 49, 0 = 3*b + 3*k + 25 + 23. Let g = 4 + -7. Let h = g - b. What is the units digit of h?
8
Suppose 5*j = -3*y - 5, -4*y = -0*j - 2*j + 50. Let d = 22 + -3. Let x = y + d. What is the units digit of x?
9
Let d = -125 - -247. Suppose 3*u = -3*i - 8 + 86, 0 = 5*i + u - d. What is the units digit of i?
4
Suppose -2*l - p = -43, -4*l + 26 = -3*l + 5*p. Suppose 2 + 38 = -2*s. Let g = l + s. What is the units digit of g?
1
Suppose 40*u - 37*u - 27 = 0. Let c(y) = 5*y - 5. Let i be c(7). Let z = i - u. What is the tens digit of z?
2
Suppose -7*l + 2142 = -1813. What is the units digit of l?
5
What is the units digit of (-29)/((2/14)/((-26)/91))?
8
Let y(o) be the first derivative of o**6/120 + o**5/20 + 3*o**4/8 - 4*o**3 - 10. Let p(b) be the third derivative of y(b). What is the units digit of p(-4)?
3
Suppose -66 = 30*s - 32*s. Suppose c + 11 = p - 4, 2*p + c 